ase 4, what is -11203 + -31?
-11300
In base 8, what is 4260 + 16?
4276
In base 6, what is 3 + -25022?
-25015
In base 2, what is 111000101001101011001 - -10?
111000101001101011011
In base 12, what is -31 + 95?
64
In base 15, what is 321 - 33?
2dd
In base 5, what is 1034400 - 122?
1034223
In base 3, what is 10200202 + -2?
10200200
In base 12, what is 9 + 5754?
5761
In base 8, what is -16 + 667736?
667720
In base 14, what is 6413c + 4?
64142
In base 4, what is -3200 + 31213?
22013
In base 10, what is 4 - -117705?
117709
In base 3, what is 110111202110 + -1?
110111202102
In base 6, what is -2 - -3510335?
3510333
In base 16, what is -a + 89?
7f
In base 3, what is 2002210001 + -10?
2002202221
In base 11, what is 40a6 + -7?
409a
In base 13, what is 586 + -38?
54b
In base 6, what is 2 - 33535104?
-33535102
In base 15, what is 1294 - -a5?
1349
In base 15, what is -221 - b4e?
-d70
In base 13, what is -8 + 7223?
7218
In base 8, what is -143 + -350?
-513
In base 5, what is -214331 + -222?
-220103
In base 10, what is 23 - 29099?
-29076
In base 10, what is -770 - -109?
-661
In base 8, what is 15 + -553025?
-553010
In base 13, what is a - -3a43?
3a50
In base 14, what is -4 - 2cab?
-2cb1
In base 4, what is 122112 + -200?
121312
In base 16, what is 712 - -e1?
7f3
In base 10, what is 78 - -551?
629
In base 13, what is -a9b77 - -3?
-a9b74
In base 6, what is 10 + 553530?
553540
In base 16, what is c1c + -23c?
9e0
In base 13, what is 60 - 160?
-100
In base 2, what is -11 + 110000101100?
110000101001
In base 13, what is -2 - -1472c3?
1472c1
In base 9, what is -52 - -40802?
40740
In base 7, what is -5 + 23563?
23555
In base 3, what is 20022 + -10001201?
-2211102
In base 9, what is -1 - -18200?
18188
In base 4, what is -11 + -3102310?
-3102321
In base 6, what is -1 - 3112002?
-3112003
In base 10, what is 1861 + 1043?
2904
In base 4, what is 101310233 - 10?
101310223
In base 15, what is -9c3c - -2?
-9c3a
In base 12, what is -9948 + -1?
-9949
In base 7, what is -6625 - -14?
-6611
In base 2, what is 101100000111 - 1101110000?
11110010111
In base 11, what is -121 + 1682?
1561
In base 10, what is -1639 + 13?
-1626
In base 12, what is 6 + -100034?
-10002a
In base 16, what is -25 + 83f?
81a
In base 15, what is -48136e + -2?
-481371
In base 4, what is 20023 + -331?
13032
In base 4, what is 20132010 + -3?
20132001
In base 4, what is 11003 + 1321?
12330
In base 11, what is 8 + -1086?
-1079
In base 9, what is 1840723 + 3?
1840726
In base 10, what is -7246 + 9?
-7237
In base 9, what is 2 - -45608?
45611
In base 4, what is -10 - -2003001?
2002331
In base 5, what is 4313013 - 10?
4313003
In base 13, what is -4 + 13a381?
13a37a
In base 8, what is -10130332 - -5?
-10130325
In base 12, what is -5 + 281a?
2815
In base 7, what is 61 + -1110?
-1016
In base 3, what is -2122002 + -11?
-2122020
In base 9, what is -2825 + 44?
-2771
In base 14, what is -3 - -2b1b?
2b18
In base 16, what is 1f - 3d80?
-3d61
In base 9, what is -12 - -54753?
54741
In base 13, what is 65 + 7c3a?
7ca2
In base 12, what is -5984 + -12?
-5996
In base 10, what is 8648 - -13?
8661
In base 5, what is -123432 + 14?
-123413
In base 4, what is -10 - -20020103?
20020033
In base 4, what is 20 + 231101123?
231101203
In base 16, what is -2 + -2815?
-2817
In base 7, what is -5 - -20623?
20615
In base 4, what is 1101 + -1323100?
-1321333
In base 6, what is -3201 - 115?
-3320
In base 15, what is -524a + -2c?
-5277
In base 9, what is -258700 + 3?
-258686
In base 13, what is -1 - 525c?
-5260
In base 8, what is -4 + -11232?
-11236
In base 2, what is -11010111110001010110 - 10?
-11010111110001011000
In base 16, what is -4df0 - -7?
-4de9
In base 14, what is 40c5 + 0?
40c5
In base 13, what is 45 - 321?
-2a9
In base 6, what is 22 + -1041445?
-1041423
In base 2, what is -110 + -1011100011000?
-1011100011110
In base 6, what is 4 - -22532202?
22532210
In base 9, what is -5 + -210420?
-210425
In base 13, what is 7a4 + a5?
879
In base 12, what is -4 - 49501?
-49505
In base 11, what is -142 + -2387?
-2519
In base 10, what is -63 - 2687?
-2750
In base 10, what is 3 + -511?
-508
In base 6, what is 3420321 - -14?
3420335
In base 2, what is 1000111 + 1000111100?
1010000011
In base 11, what is 102315 + 4?
102319
In base 10, what is -13889 + -3?
-13892
In base 13, what is -2c5 + -56?
-34b
In base 11, what is -5 + -773341?
-773346
In base 8, what is -443044 - 6?
-443052
In base 2, what is 10000 + -11110000010?
-11101110010
In base 14, what is -cd - -223?
134
In base 2, what is -100 - -100110110101001?
100110110100101
In base 8, what is -1504 - 20?
-1524
In base 6, what is 53551111 - -1?
53551112
In base 4, what is 1132013 + -1021?
1130332
In base 6, what is 0 - -1321101?
1321101
In base 12, what is 44 - 6121?
-6099
In base 9, what is -17115 + -5?
-17121
In base 3, what is 1211021 + 20200210?
22112001
In base 11, what is 5833 - 3?
5830
In base 7, what is -2455 - 2035?
-4523
In base 9, what is 1 + 65508?
65510
In base 9, what is 3 - 31024?
-31021
In base 12, what is -75a00 + -2?
-75a02
In base 14, what is a6b7 + 5?
a6bc
In base 16, what is -f207 + -4?
-f20b
In base 7, what is 1 + 433110?
433111
In base 8, what is 11 - 3060?
-3047
In base 5, what is 213 + -40143?
-34430
In base 2, what is -10101 - 1111111111110110?
-10000000000001011
In base 11, what is 66a3364 + 4?
66a3368
In base 4, what is 3 + -12003231?
-12003222
In base 15, what is -4a4d - 5?
-4a53
In base 10, what is -3 - -510?
507
In base 10, what is -3 + 3867?
3864
In base 9, what is -68 - 172?
-251
In base 11, what is 3745 + 21?
3766
In base 10, what is 65 - 122?
-57
In base 2, what is 101101011 - -11000?
110000011
In base 16, what is -25 - -d80?
d5b
In base 5, what is -21341 + -200?
-22041
In base 10, what is -7505 - 11?
-7516
In base 7, what is -133 + -110?
-243
In base 2, what is 0 - -11010011100111?
11010011100111
In base 5, what is -11 - 3344331?
-3344342
In base 4, what is 0 - -3302220?
3302220
In base 15, what is -71 + -a2?
-123
In base 6, what is -3301554 - 0?
-3301554
In base 12, what is 100 - 37b2?
-36b2
In base 13, what is -3860 - -1?
-385c
In base 3, what is 101 - 100200011?
-100122210
In base 2, what is 1000101011111110001101 - 11?
1000101011111110001010
In base 13, what is -aab + 75?
-a36
In base 11, what is 649977 - -5?
649981
In base 13, what is 824 - -3?
827
In base 12, what is -1 + 40407?
40406
In base 13, what is -6973b + -11?
-6974c
In base 16, what is -2 - 73297?
-73299
In base 10, what is 0 - 1462?
-1462
In base 10, what is 0 + 38199?
38199
In base 12, what is 19 - 210a?
-20b1
In base 6, what is -13501345 - 4?
-13501353
In base 7, what is 1205 - -264?
1502
In base 7, what is 36544 - -10?
36554
In base 12, what is 6491 + -31?
6460
In base 13, what is 122 + 2394?
24b6
In base 13, what is -1958b - -3?
-19588
In base 11, what is -44 + 28?
-17
In base 7, what is 0 - -533?
533
In base 14, what is -3b - -10a7?
106a
In base 5, what is 11331 - -1041?
12422
In base 6, what is 3 + -21302245?
-21302242
In base 16, what is -196 - -36?
-160
In base 14, what is -14c4 - -5c?
-1466
In base 16, what is 2a69 + -4?
2a65
In base 13, what is -31 + 3135?
3104
In base 6, what is -20 - -122141?
122121
In base 9, what is 26 + -8476?
-8450
In base 2, what is 10100010000111 + -11000111?
10011111000000
In base 3, what is 1200100 - 102210?
1020120
In base 4, what is 10322103 - -32?
10322201
In base 4, what is 1032310133 - -3?
1032310202
In base 6, what is -112 - 244332?
-244444
In base 4, what is -1232 + -131203?
-133101
In base 3, what is -2010 - -1111002200?
1111000120
In base 14, what is 1335 - -1d7?
152c
In base 10, what is -170518 + 4?
-170514
In base 4, what is 313300210 + -10?
313300200
In base 16, what is 4a4 + 1e?
4c2
In base 15, what is 13a + 2228?
2363
In base 9, what is 87888 + -33?
87855
In base 13, what is 1 + -2744?
-2743
In base 15, what is 9a72 - -2?
9a74
In base 10, what is -3520 + 4?
-3516
In base 2, what is 11 - 10101000010000?
-10101000001101
In base 7, what is 320513 - 5?
320505
In base 4, what is 3333223 + 313?
10000202
In base 8, what is 21 + -243730?
-243707
In base 15, what is e2 + a32?
b24
In base 3, what is 1022022 - -20111?
1112210
In base 15, what is 336 + 37d?
6b4
In base 15, what is -17d + 848?
6ba
In base 15, what is 176 + -72a?
-5a4
In base 5, what is 2 - -211012